 56830 + 555998. What is the tens digit of a?
8
Let d be 1/(-7) + (-11)/(-77). Suppose d = l - 3*h - 141, -7*h = 3*l - 5*h - 423. What is the hundreds digit of l?
1
Suppose -5*w - 7*w = -8*w - 20548. What is the units digit of w?
7
What is the hundreds digit of (-4 - (-12)/(-8))/(4/16480*-4)?
6
Let d(p) = p**3 - 7*p**2 + 8*p + 19. Let q be d(4). Let r be 1 + (1 - -6)*153. Suppose -r = -q*n - 5*n. What is the hundreds digit of n?
1
Let h(c) = -6*c**3 + 5*c**2 - c + 2. Let w be h(-4). Suppose -4*a - 95 = 5*s - 301, -5*s = 3*a - 152. Suppose -59*y + w = -a*y. What is the tens digit of y?
9
Let f = -1625 + 2905. Suppose 6599 - f = 9*i. What is the units digit of i?
1
Let f(n) = -2*n - 18. Let y be f(-9). Suppose y*d + 210 = d. Let u = d + -111. What is the units digit of u?
9
Let b(v) = v**3 + 9*v**2 + 6*v + 2. Let r be b(-8). Let t(w) = -w**2 + 33*w + 43. What is the hundreds digit of t(r)?
3
Suppose 60059 = 11*i - 59137. What is the units digit of i?
6
Let u be 2/9 - 14847/(-27)*2. Suppose 4*o + u = 8*o + z, -825 = -3*o - 4*z. What is the units digit of o?
5
Suppose 75 + 325 = -8*z. Let c = z + 62. What is the units digit of (-1)/(-4) + (1053/c - -4)?
2
Suppose -11*c = 5*c - 220943 + 28831. What is the thousands digit of c?
2
Let d = -2533 - -4824. What is the hundreds digit of d?
2
Let r = 846 - 844. Suppose -5*p = -4*f - 3791, 0 = p + r*p + 3*f - 2280. What is the units digit of p?
9
What is the hundreds digit of 12/(-9) + (-308)/(-42) + 13487?
4
Suppose -y + 7045 = 3*w, 0 = -4*w + y - 0*y + 9405. What is the hundreds digit of w?
3
Suppose 3*v - 5*q - 73 = 0, 5*q = -2*v - 0*v + 57. Let u = 29 - v. Suppose 12*j - u*j - 747 = 0. What is the tens digit of j?
8
Let w = -13724 + 15082. What is the thousands digit of w?
1
What is the ten thousands digit of -5 + 23 + 322049/13?
2
Suppose -2*d = g, 3*d - 1 + 3 = -2*g. Let w be 180/(-4) - d/(-4)*4. Let n = w - -105. What is the tens digit of n?
6
Suppose 106*z - 110*z = -12. What is the units digit of 3/(z/2) - -1?
3
Let v(t) = 119*t**2 + 73*t + 1097. What is the hundreds digit of v(-16)?
3
Suppose -5*u + 4684 = 2*t + t, u = 5. Suppose 7*c - 5928 = -t. What is the hundreds digit of c?
6
Suppose -3*v + 131239 = j, v = 2*j + 14424 + 29341. What is the ten thousands digit of v?
4
Suppose -2*z = -4, -z = -3*j + 103070 - 14137. What is the thousands digit of j?
9
Suppose -8 = -4*i, 5*h + 31 = 4*i + 158. What is the thousands digit of (-1 + -20)*(-1341)/h?
1
Suppose 0 = 4*j - 4981 + 1241. Suppose -6*p = -p - j. Suppose -6*z + p = -521. What is the hundreds digit of z?
1
Let z(w) be the third derivative of 0*w - 1/8*w**4 + 1/60*w**5 - 5/3*w**3 + 0 - 4*w**2. What is the tens digit of z(7)?
1
Suppose -20*f + 18*f = 0. Suppose f = -5*m + 832 + 4398. What is the hundreds digit of m?
0
Suppose -8268 - 26470 = -11*c. What is the hundreds digit of c?
1
Suppose 268523 = 7*h + 6*r - 9*r, 4*r = 3*h - 115065. What is the tens digit of h?
6
Let o(m) = 94*m**3 + 6*m**2 - 5*m - 3. What is the tens digit of o(4)?
8
Suppose -18*q - 460 = -8*q. Let l = 186 + q. Let o = 430 - l. What is the units digit of o?
0
Let i(c) be the first derivative of -c**4/4 - c**3 + c**2/2 + 8*c - 8. Let n be i(-8). Let o = n - 226. What is the units digit of o?
4
What is the thousands digit of 2190/12*(13670/50 - 5)?
8
Let t(n) = n**3 - 7*n**2 - 7*n + 6. Let q be t(9). Let p be q + (4 - (10 - 1)). Suppose 0 = -4*a + 152 + p. What is the tens digit of a?
6
Suppose 1011774 + 1569146 = 27*t + 344591. What is the hundreds digit of t?
8
Suppose -29*s - 14 = -101. Let d be -1*(-2)/(-4)*0. Suppose d = -3*v + s*i - 8*i + 350, -3*v + 5*i = -310. What is the hundreds digit of v?
1
Let i = 0 + 2. Suppose 3*b - 2*g - 326 = 2*g, 3*b = -4*g + 382. Suppose i*u = 352 - b. What is the hundreds digit of u?
1
Suppose 0 = -6*p + 314 - 356. Let c(r) = r**3 + 8*r**2 + 5*r - 2. What is the units digit of c(p)?
2
Let m be ((-6)/3)/1 - (-3 + 1). Suppose -5*j + m*j + 60 = 2*p, j - 60 = -2*p. What is the units digit of (12 + -1)*(-3 + p/6)?
2
Let x = -32876 - -56308. What is the hundreds digit of x?
4
Let d be ((9/6)/3)/(2/28). Let g be (35 + d - 6)/((-6)/(-172)). Suppose -4*c + 3*k - 2*k = -827, 0 = -5*c + 3*k + g. What is the tens digit of c?
0
Let i(v) = v**3 - 2*v**2 + 1371. Let d be i(0). Let j = d - 946. What is the tens digit of j?
2
Suppose -4*s + 3*v - 9741 = -5*s, -3*v - 39039 = -4*s. What is the hundreds digit of s?
7
Let a be 5 + 9/((-9)/4) - -1264. Suppose 5*c = 3190 - a. What is the hundreds digit of c?
3
Suppose 248*d - 242*d = 6420. Let z = -212 + d. What is the hundreds digit of z?
8
Suppose 0 = 2*f - 6, 4*j - f = j - 9. Let x be j + (6 - (-2)/2). Suppose 2*d + 210 = x*d. What is the tens digit of d?
7
Suppose 7*g + 6864 = 11*g. Suppose 5*m - 2163 = 2*v, -4*m + g = -0*m + 2*v. What is the hundreds digit of m?
4
What is the tens digit of (-1114*3)/(350/(-525))?
1
Let f(j) = 2 - 7*j**2 + 20*j**2 - 9*j**2 + 44 + 60*j. What is the hundreds digit of f(-24)?
9
Let s(p) = 138*p - 87. What is the tens digit of s(22)?
4
What is the units digit of (-6 - -523 - -19) + 9 + 0?
5
Let b be (-68)/(-14) - 6/(-42). Suppose 15 + b = 2*y. Suppose -r = -y - 208. What is the hundreds digit of r?
2
Let u(a) = -5 + 18 + 4*a - 3*a. Let p be u(-7). Suppose 0 = p*k + 10*k - 4256. What is the tens digit of k?
6
Suppose -5*u = 5*o - 9298 - 6697, 2*o - u = 6413. What is the tens digit of o?
0
Let a be (-2)/10 + 0 + 2482/10. Suppose 0 = 2*p - a - 118. What is the units digit of p?
3
Suppose 13276 = 8*v - 5996. What is the hundreds digit of v?
4
Let w be ((-99)/(-44))/((-3)/(-12)). Let b be (-1 + w/2)*(-3 + 9). Suppose -b + 1 = -5*n, -4*n = -5*y + 609. What is the tens digit of y?
2
Suppose -90*o + 98*o = 1256. Let k = 218 - o. What is the units digit of k?
1
Let k be 11 + -5 + -12 - -9. Suppose 268 = -k*c + 1492. What is the hundreds digit of c?
4
Let s(j) = -j**3 + 11*j**2 + 4. Let f be s(11). Suppose w = 5*h - w - 464, -f*h + 367 = -3*w. Suppose -5*v + 654 = h. What is the tens digit of v?
1
Let r = 24 - -29. Suppose -145 = 48*n - r*n. What is the units digit of n?
9
Let f = 425 - -5829. What is the units digit of f?
4
Suppose -11*t = -4*c - 147306 - 44282, -2*t = -3*c - 34841. What is the units digit of t?
6
Suppose 15*g - 157885 = -3*m + 16*g, 0 = -m + 5*g + 52633. What is the hundreds digit of m?
6
Suppose -2041 = -s + 2*w, w - 1895 = -2*s + 2197. Let k = s + -1098. Suppose -14*l + k = -75. What is the units digit of l?
3
Let o(v) = -v**2 + 35*v + 13. Let w(p) = p**2 - 1. Let s(r) = -o(r) + w(r). Let n be s(18). Suppose -321 = -n*h + 147. What is the hundreds digit of h?
1
Suppose k + 64 = 5*x, -2*x + 9 = -k - 19. Let u be 4/x + (-364)/3. Let a = -30 - u. What is the tens digit of a?
9
Suppose -4*z + 84 = -4*j, -3*z - 48 = 3*j + 39. Let a = 29 + j. Suppose 90 = 3*i + a*g - 2*g, 4*i - 4*g = 100. What is the tens digit of i?
2
Let s = 29229 + -13637. What is the hundreds digit of s?
5
Suppose 8*v = 13*v - 10. Suppose 5*t - 5*a - 9793 + 1118 = 0, 5*a = -v*t + 3505. Suppose t = 11*l - l. What is the hundreds digit of l?
1
Let m = 69 + -71. What is the units digit of m/(5/(-1195)*2)?
9
Let c(o) = 3*o**2 + 13*o + 5. Let d be ((-7)/2)/(9/18). Let t be c(d). Let s = -4 + t. What is the tens digit of s?
5
Let x = 7860 + -5172. What is the thousands digit of x?
2
Let n be (12 - (-105)/(-15))/(10/4). Suppose n*k + 310 = 2*l, -k - 4*k - 467 = -3*l. What is the units digit of l?
4
What is the hundreds digit of -35*14/(-735) + 168056/6?
0
Let z = 42746 + -16221. What is the hundreds digit of z?
5
Suppose 0 = -3*q - 0 - 15, -q - 6069 = -2*b. What is the thousands digit of b?
3
Suppose -1329598 = -155*r - 89*r + 8806406. What is the thousands digit of r?
1
Suppose -4*i + 3*k = 6*k + 27, -5*k + 25 = -5*i. Let d be i*((-92)/8 - (-4)/(-2)). Let a = d - -32. What is the units digit of a?
3
Let a(m) = -7*m**3 - 4*m**2 + m + 3. Let b be a(-4). Let d = 194 + b. What is the hundreds digit of d?
5
Let i be (9/6)/(-3)*30/1. Let h = i - -21. Suppose -6*w - h = -48. What is the units digit of w?
7
Suppose -155*t - 3611754 = -12923224. What is the hundreds digit of t?
0
Let k = -37 - -50. Suppose -14 = -k*v + 6*v. What is the tens digit of 1371/21 - v/7?
6
What is the units digit of (-9)/21 + 3887765/245?